. Let f = h + 907. What is the hundreds digit of f?
3
Suppose -t - 36593 = -m, 142*m + 5*t - 36617 = 141*m. What is the ten thousands digit of m?
3
Suppose -4*i + 31378 = -3*a, -5*i + 13473 + 25766 = -a. What is the tens digit of i?
4
Suppose 29 = 4*t + 5*q, -4*t - 3*q + 19 = -0*t. Suppose r - 4 = 2. What is the units digit of (18 - (-2 + t))*(11 - r)?
5
Let a be 33 - 27 - (0 + 3). Suppose i + 5*s = 772 + 101, -a*s = 5*i - 4343. What is the tens digit of i?
6
Suppose 4*p - 10 = -p. Suppose p*h = -9*j + 7*j + 234, -1 = -j. What is the tens digit of h?
1
Let o = 163 + -165. What is the tens digit of (1*58)/(o - -4)?
2
Suppose 34*b + 4016 = 26*b. Let w = b + 794. What is the hundreds digit of w?
2
Let y = 4263 - 616. What is the thousands digit of y?
3
Suppose 4*z = -z + 2*s + 135856, 2*z = 4*s + 54336. What is the ten thousands digit of z?
2
Let g(f) be the first derivative of -133*f**2/2 - 155*f + 74. What is the hundreds digit of g(-8)?
9
Let l = -286 - -1247. Let j = l - 645. What is the units digit of j?
6
Let p = 219 + -212. What is the units digit of p/(88/(-320) + (-2)/(-5))?
6
Suppose -6*m + 7*m = 2*o + 3914, -4*o = -3*m + 7826. Let t = o + 2962. What is the units digit of t?
4
Suppose -3*k + 143 = -2*p - 150, -5*p + 75 = k. Let d = 853 - k. What is the tens digit of d?
5
Let b be -2 - 2 - -4 - -173. Let s = b - 103. Suppose 2*o = 76 + s. What is the units digit of o?
3
Suppose 3*k = a - 4*a + 21936, -3*k + 4*a + 21915 = 0. Suppose -8*q - 1941 + k = 0. What is the hundreds digit of q?
6
Let d be 5/(10/(-692))*1. Let b = d + 382. What is the units digit of b?
6
Suppose 28*u - 20*u - 23153 - 106751 = 0. What is the units digit of u?
8
Suppose -32 = 27*l + 130. Let w(k) = -5*k**3 - 6*k**2 - 3*k + 18. What is the units digit of w(l)?
0
Let x(n) = -n**3 + 28*n**2 + 250*n - 75. What is the ten thousands digit of x(-23)?
2
Suppose -4*p - 2*v + 254078 = -0*v, 381072 = 6*p - 2*v. What is the ten thousands digit of p?
6
Let t be (-3*4/18)/((-2)/(-105)). What is the units digit of (((-2079)/t)/9)/(2/210)?
3
Let x(t) = -1003*t**3 - t**2 + t + 3. Let q be x(-1). Suppose 2440 + q = 3*p. What is the units digit of p?
8
Let q = -29 - -51. Suppose 5*s - q = -6*s. Suppose -5*n + 337 = 5*r + 17, -4*n = s*r - 262. What is the units digit of n?
7
Let y be (-231)/14*(-2 + 2 + -2). Suppose -r + u - 2*u + 11 = 0, 20 = -5*u. Suppose y = w - r. What is the tens digit of w?
4
Suppose -1218*q + 1163*q + 641575 = 0. What is the thousands digit of q?
1
Suppose 13*t - 9*t = 472. Suppose 2*d + 4*l = 590, -4*d + 1048 = l - t. Suppose 9*h - 6*h = d. What is the tens digit of h?
9
Suppose l + 74 = 379. Let n = -5832 - -5837. Suppose -5*w = 2*p - l, 3*p - 4*w - 425 = -n*w. What is the units digit of p?
0
Suppose -5*h = -5*r + 190, -h + 2*h = -3*r + 110. Let q = r + 9. Suppose -54 = -4*s + q. What is the tens digit of s?
2
Let p(d) = -d**3 - 4*d**2 - 17*d - 40. Let z be 6/(-45) + -489*(-7)/(-315). What is the tens digit of p(z)?
9
Let l be (-30)/(-9) - 1/3. Suppose l*p + 3*f - 622 = f, 5*f = -3*p + 628. Suppose 5*k - p = 779. What is the units digit of k?
7
Let a(t) = -7 - 10*t - t - 47 - 2*t. Let v be a(-8). Suppose 0 = 4*h + v - 862. What is the units digit of h?
3
Suppose 0 = -2*b + 7*h - 9*h + 504, 0 = -b - 3*h + 256. Suppose b = -6*g - 2. Let y = 175 - g. What is the units digit of y?
7
Let x(u) = 622*u + 4901. What is the hundreds digit of x(51)?
6
What is the hundreds digit of (-596)/(-3)*(-23)/92*-1*474?
5
What is the hundreds digit of 18309 + -1 - 18/36*(3 - 5)?
3
Suppose -5257 = 5*q - 1052. Let x be q/(-2) + (21/(-6) - -3). Suppose v - 375 = -4*p - 4*v, 4*p - x = 4*v. What is the units digit of p?
0
Let g(m) = -5 - 34*m - 36*m - m**3 + 72*m + 4*m**2 + 22. Let c be g(5). Suppose -2*w + 3*z + 32 = z, 32 = c*w - 4*z. What is the tens digit of w?
1
Suppose -18*m - 423120 = -28*m - 10*m. What is the ten thousands digit of m?
2
Suppose 245*y - 1402431 - 1761622 = -795148. What is the units digit of y?
9
Let p(g) = -g + 74*g**2 - 52*g**3 + 73*g**2 - 560*g**3 + 1 - 149*g**2. What is the units digit of p(-1)?
2
Suppose 0 = x + t, -x - 4*t + 2 = x. What is the units digit of x*(6 - 5) - -554?
3
Let t = -2992 - -17887. What is the tens digit of t?
9
Let j = 65803 + 8382. What is the thousands digit of j?
4
Suppose -1534523 = -51*m - 102086. What is the tens digit of m?
8
Let p(a) = -23*a - 52. Suppose 0 = 3*i + 5*w + 55, -8*w = -5*i - 7*w - 45. What is the units digit of p(i)?
8
Let g = -44 + 42. What is the units digit of g*113/(-6)*(13 + 5)?
8
Let g(n) = 1404*n - 3284. What is the units digit of g(41)?
0
Suppose 91*r + 23851 = 68*r. Let k = -22 - r. What is the thousands digit of k?
1
Suppose -2*u + 317 = 3*m, -2*m + 87 = -2*u - 121. Let p = -60 + 48. Let z = m - p. What is the hundreds digit of z?
1
Let x be (-3)/6 + 92/8. Let c(q) = q**3 - 5*q**2 - 17*q + 11. What is the units digit of c(x)?
0
Suppose -n - 16 = -3*n. Suppose -4*x - n*x = -24. Suppose x*f - 9*f + 77 = 0. What is the tens digit of f?
1
Suppose -10*o - 9*o - 2*o = 0. Suppose -5*d + 4 + 6 = o. Let c(q) = 92*q - 3. What is the units digit of c(d)?
1
Let g(n) = 2*n + 3. Let p be ((-3)/1)/(-9)*(6 - 6). Let v be g(p). Suppose -v*u + 72 = -u. What is the units digit of u?
6
Let k(h) = -h**3 - 9*h**2 + 2*h + 22. Suppose -9*q = -q + 72. Let v be k(q). Suppose v*y + 4*l = 240, -3*y - 129 = -5*y + l. What is the tens digit of y?
6
Let u be 3048/120 - (9/5)/(-3). Suppose -30 = -4*m + u. Suppose 0 = -20*d + m*d + 558. What is the units digit of d?
3
Let a = 226 + -217. Suppose 0 = 25*d + a*d - 23902. What is the units digit of d?
3
Let a(y) be the second derivative of y**5/20 - 49*y**4/12 + 29*y**3/3 + 79*y**2/2 - 143*y. What is the units digit of a(48)?
9
Let l(t) = -t**2 + 5*t. Let j be l(4). Suppose j*m = 9 + 7. What is the tens digit of (2/2)/(m/596)?
4
Let b(j) = -436*j + 922. What is the hundreds digit of b(-18)?
7
Let i(y) = -2*y**2 + 23*y - 12. Let b be i(11). Let a(z) = -16*z**2 - 3*z - 3. Let d be a(b). What is the tens digit of (-1542)/d - (-33)/(-88)?
9
Suppose 8*a - 29 = 3. Suppose -a*h + t = 12, -2*h - 7 = 4*t + 17. What is the units digit of (-362)/(-8 - h - -2)?
1
Let t be (2 + 400/28)/((-1)/(-14)). Suppose -22*a = -20*a - t. What is the hundreds digit of a?
1
Suppose -36 = 9*g - 0*g. Let a be (40/(-30))/(g/30). Suppose -a*i = -8*i - 56. What is the tens digit of i?
2
Suppose 0 = 3*z - 4*c - 13878, 3*z + 5*c - c - 13854 = 0. What is the hundreds digit of 9/(-27) + z/6?
7
Let i be 21*13/91 + 0 + 0. Suppose -i*x + 1379 = -2923. What is the units digit of x?
4
Suppose -335 = 5*s + 10. Let o = s - -225. What is the units digit of o?
6
Let h(m) = -32*m - 77. Let o be h(-9). Let f = -118 + o. What is the units digit of f?
3
Let s(h) = 56*h**2 - 18*h - 126. What is the hundreds digit of s(-5)?
3
Let z(r) = 11*r**2 - 104*r + 1209. What is the tens digit of z(12)?
4
Let l(y) = -47*y**2 + 4*y + 4. Let g be l(-3). Let j = g + 505. What is the tens digit of j?
7
Let d be (-12)/10*3/((-27)/1200). Let n = 452 - d. What is the hundreds digit of n?
2
Suppose -5*d = -4*f + 2, -f + 7*d + 1 = 6*d. Suppose f*r + 5*m - 4041 = 0, 1899 - 8647 = -5*r - 4*m. What is the units digit of r?
2
Suppose 5*a - 13 = 2*k - 0*k, 0 = -5*a + 4*k + 11. Let s be ((-4)/a)/((-6)/9). Suppose -s*u + 888 = 2*u + 4*n, -4 = 2*n. What is the hundreds digit of u?
2
Let p(m) = -284*m**2 + m - 2. Let b be p(1). Let o = 418 + b. What is the hundreds digit of o?
1
Suppose 50 - 14 = 9*j. What is the tens digit of (j + 5160/(-28))/(3/(-21))?
6
Let w be (9/12)/((-11)/(-8) + -1). Suppose 5*o + 4*s = 1330, -s = 5*o - w*s - 1305. What is the units digit of o?
2
Let p(l) = -l + 1. Let o be p(4). Let w(z) = 5*z - 10 - 11*z + 32 + 12 + 2*z. What is the tens digit of w(o)?
4
Let v be 5850/135*3*1. What is the hundreds digit of (-20)/v - 25122/(-39)?
6
Let u = 650 - -141. Let t = u - 552. What is the units digit of t?
9
Suppose -31*v + 5587 = 5*s - 29*v, 4*s - 2*v - 4466 = 0. Suppose -s = -9*d + 2042. What is the units digit of d?
1
Let v = 7956 + -524. What is the tens digit of v?
3
Let c(j) = j**3 - 2*j**2 + 3*j. Let d be c(3). Let m be 0 + (-6)/27 - (-4)/d. Suppose -2*x + 2*p + 3*p + 174 = m, 0 = -3*p. What is the tens digit of x?
8
Let y(d) = -2*d**3 - 47*